5*u. Let p be (1/3)/((-3)/(-45)). What is b(p)?
-6
Let c(d) = -d**2 - 3*d + 40. Let j be c(-8). Let h(w) be the first derivative of 4 + j*w**2 - 2/3*w**3 + 1/4*w**4 + w. Calculate h(1).
0
Suppose j = 2*j. Let f(r) = r + 4 - 3 + 0*r + j. Suppose 0 = -5*l - 5 + 10. What is f(l)?
2
Let i(c) = c**2 - 6*c - 6. Let o(s) = s**3 + s**2 - 8. Let n(l) = l - 1. Let r(z) = 5*n(z) - o(z). Let m = 4 - 7. Let t be r(m). What is i(t)?
-6
Let h(i) = i**3 + 2*i**2 - i - 2. Suppose -15*t = -97 + 112. Calculate h(t).
0
Let v(l) be the second derivative of -3/2*l**3 + 0 - 15*l - l**2. Give v(-2).
16
Let y(r) = -4*r**3 - 10*r**2 + 6*r - 9. Let v(l) = -l**3 - l**2 + l - 1. Let z(k) = -5*v(k) + y(k). Let t = 9 - 15. Let a be (2/t)/((-4)/60). Give z(a).
1
Let o(g) = -19*g + 8*g + 12*g. Let l(f) = f. Let m(b) = 4*l(b) - 3*o(b). Calculate m(2).
2
Let k(l) = -l + 5. Suppose -g + 5*m - 1 = 14, 4*m = 16. Suppose 2*s + g*n = -15, -2*s - 45 = -6*s + 5*n. Determine k(s).
0
Let m(c) = c**3 - 6*c - 9. Let r be m(-2). Let z be 46/(-8) + ((-10)/(-8))/r. Let a(g) = -g**3 - 7*g**2 - 8*g - 5. Calculate a(z).
7
Let o(l) = -10*l**2 + 30*l + 19. Let v(x) = -7*x**2 + 20*x + 13. Let j(p) = -5*o(p) + 7*v(p). Calculate j(10).
-4
Let c(l) = -l - 5. Suppose -2*q - 18 = -4*k, 0 = 2*k + 4*q - 6*q - 10. Give c(k).
-9
Let q = 166 - 167. Let r(y) be the second derivative of -y**3/2 + y**2/2 - y. Give r(q).
4
Suppose 27*b - 31*b = 8, -2*m = 3*b + 32. Let h(s) = -s**3 - 12*s**2 + 12*s + 6. Give h(m).
19
Let b(w) = w**2 + 2*w - 9. Let i be b(3). Let l(c) = 8*c. Let u(d) = 17*d + 1. Let g(a) = i*u(a) - 13*l(a). Determine g(6).
-6
Suppose 698 = -11*r + 852. Let a(h) = h - 21. Calculate a(r).
-7
Let i(p) = -p**3 + p**2. Let z(g) = -7*g - 4. Suppose 4 - 12 = -2*j. Let l be z(j). Let b = l - -32. Determine i(b).
0
Let l(c) = 6*c + 4. Suppose 0 = 19*f - 10*f + 117. Let s = 16 + f. Give l(s).
22
Let p(d) = d**3 + 6*d**2 - 7*d + 4. Let m(n) = 10*n**2 + 5*n**2 + 5*n**2 - 9 - n**3 + 5*n - 25*n**2. Let v be m(-5). Let c = v - -27. What is p(c)?
4
Let b(h) = -10*h**2 + 2*h + 4. Let w(j) = 18*j**2 - 3*j - 7. Let n(d) = -5*b(d) - 3*w(d). Give n(2).
-17
Let s(c) = 4*c**2 - 3*c + 24. Let t(o) = -3*o**2 + 2*o - 21. Let b(g) = 4*s(g) + 5*t(g). Give b(5).
6
Let s(y) = y + y**2 - 5 + 2 - 2*y. Let h = 20 - 21. Let g be (0 - 4/2) + h. What is s(g)?
9
Let c = -893 + 893. Let l(j) be the third derivative of -j**4/24 - 7*j**3/6 + j**2. What is l(c)?
-7
Let z(j) = j + 10. Suppose -9 = -w - 3*t, 0*t - 16 = -3*w + 2*t. Suppose 0 = -2*q - 20 + w. Give z(q).
3
Suppose 2*a - 3*c - 22 = 0, 44 = 5*a - a - 2*c. Let f = -6 + a. Let w(b) be the second derivative of b**3/3 - 5*b**2/2 - 3*b. Determine w(f).
5
Suppose 2*x = m + 43, -2*x = 3*m - 8*m - 47. Suppose 5*d = 12*d + x. Let l(q) be the second derivative of q**4/12 + q**3/3 + 2*q. Determine l(d).
3
Let v(w) be the second derivative of -1/3*w**3 + w + 0 - 7/2*w**2. Let g(x) = 4*x - 22. Let d be g(4). Calculate v(d).
5
Suppose 16*r - 26*r = -20. Let d(o) be the third derivative of 2*o**2 + 0*o**3 + 1/12*o**4 + 0*o + 0 - 1/60*o**5. Calculate d(r).
0
Suppose 0 = -i + 4*k + 6, 0 = 4*i - 5*k - 0*k - 13. Let q be 1 - ((-8)/i + 1). Let l(x) be the first derivative of -x**3/3 + 4*x**2 - 5*x + 565. Give l(q).
11
Suppose 0 = 14*n - 19*n + 20. Suppose 2*i + 4*l + 5 = 7*l, -5*i - n*l = 24. Let u(j) be the third derivative of -j**4/24 - j**3/2 + j**2. Calculate u(i).
1
Let w(x) = x - 2. Suppose 14 = 4*n - 6. Suppose 53 + 27 = -n*s. Let h = -13 - s. What is w(h)?
1
Let q(o) = 3*o**3 - o + 2. Let s be q(1). Let f(i) = 0*i - s - i - 2. What is f(-7)?
1
Let k(n) be the third derivative of n**7/504 + n**6/720 + n**5/60 - n**4/4 - 12*n**2. Let z(y) be the second derivative of k(y). Calculate z(-2).
20
Let c(p) = -p - 9. Suppose 0 = 3*n + 2*n + 10. Let k(w) = -2*w + 8. Let u(g) = g - 8. Let j(i) = n*k(i) - 3*u(i). Let h(t) = 4*c(t) + 5*j(t). Determine h(0).
4
Let k = -476 + 480. Let a(b) be the second derivative of b**5/20 - b**4/2 + 5*b**3/6 - 3*b**2 - 4*b. Give a(k).
-18
Let w(q) be the first derivative of -3/4*q**4 - q**3 + 0*q - 25 + 0*q**2. What is w(-2)?
12
Let u be -7*(-5)/(105/(-6)). Let a(d) = 1 - d**3 - 12*d + 11*d + d**2 - 3*d**2. Give a(u).
3
Let d(k) be the third derivative of -k**6/60 - k**5/10 - k**4/8 - k**3/6 - k**2 - 59*k. Calculate d(-3).
8
Suppose 22*t - 82 = 28. Let d(o) be the first derivative of -o + t - 1/2*o**2. What is d(3)?
-4
Let k(l) = l**2 + 5*l - 5. Let v be -8 + (-6 - -4)*6/(-4). Let f(a) = a - 2. Let z be f(v). Give k(z).
9
Let j = 54 - 49. Let y(n) = -9*n**2 - 3*n + 2. Let c(q) = -14*q**2 - 5*q + 3. Let p(g) = j*c(g) - 8*y(g). Suppose 2*l - 6 = 5*l. What is p(l)?
9
Let y(a) = 2*a + 8. Let z(o) = -6*o - 9. Let i(f) = -2*y(f) - z(f). Calculate i(-15).
-37
Suppose 0 = 5*p + 10, 0 + 10 = -r + p. Let s = 6 + r. Let k(m) be the third derivative of m**6/120 + 7*m**5/60 + m**4/4 + 5*m**3/6 + m**2 + 4. What is k(s)?
5
Let f(z) be the third derivative of z**5/60 + z**4/8 - 150*z**2. Determine f(-3).
0
Let l be (-2)/((-3)/(-6) - 2/6). Let k(q) = q**2 + 13*q + 16. Calculate k(l).
4
Let d = 1 - -2. Let x be 10/35 + 164/14. Let m(j) = x*j - 26*j - 1 + 18*j - 1. Calculate m(d).
10
Let p be (2 + 1 + -2)*1. Let t = p - 0. Let d(k) = 6*k**2 + 3*k - k**2 + 2*k**2 - 2*k. What is d(t)?
8
Let o(d) = 1 + 2*d**2 + 2*d - d**3 + 3 + 0*d**2. Let y = -1019 + 1022. Calculate o(y).
1
Let t(k) = k**2 - k - 2. Suppose 0*f - 5*f + 4*m - 20 = 0, 5*f - 15 = -3*m. Calculate t(f).
-2
Let j(k) = k**2 - 6*k - 7. Suppose 5*f + 3 = 13, 3*p - 5*f + 7 = 0. Let y be -5 + (-4 - 0/p). Let g = y - -15. Give j(g).
-7
Let y(m) = -m**3 - 71*m**2 + 2*m + 139. Let o be y(-71). Let k(d) = d**3 - d**2 - 2*d. Give k(o).
-30
Suppose -4*o - 5 = 3. Let b(c) = -1 - 28*c + 26*c + c**2 - 6*c**2 + 18*c**2. Let m(q) = 39*q**2 - 7*q - 4. Let n(w) = o*m(w) + 7*b(w). Determine n(1).
14
Suppose k = 3*d + 52, 0*k + 2*d - 192 = -5*k. Suppose 4*p = -0*p + k. Let m = p - 12. Let c(z) = 2*z. Determine c(m).
-4
Let v(a) = -a**3 + 22*a**2 + 15 - a + 17*a**2 - 40*a**2. Give v(0).
15
Suppose 0 = l + 11 - 17. Let u(t) be the third derivative of t**5/60 - t**4/4 - t**3/6 - 21*t**2. Calculate u(l).
-1
Let a(r) = r + 15. Let b be a(-17). Let k(y) = -y**3 - 5*y**2 + 2. Let s be k(-5). Let x(n) = -6 - s*n - 2 + 6. Calculate x(b).
2
Let u(k) be the second derivative of k**4/12 + 7*k**3/6 + 5*k**2/2 + 10*k + 17. Suppose 6*s + 25 = s. Determine u(s).
-5
Let q(y) = -y**2 - 10*y + 2. Let x = -136 + 128. Give q(x).
18
Let g(n) = n**3 - 6*n**2 + 2*n - 1. Suppose 11*v - 2 = 12*v. Let m = v + 8. Give g(m).
11
Let i(h) = h**3 - 25*h**2 - 52*h - 58. Let l be i(27). Let c(y) be the second derivative of -y**5/20 - y**4/3 - y**3/6 - 5*y**2/2 - 2*y. Determine c(l).
-1
Suppose 139 = -43*x + 397. Let n(s) be the first derivative of -7 - 1/3*s**3 - x*s + 4*s**2. Determine n(6).
6
Let f(v) = -5*v**2 + 10*v - 5. Let i(l) = 4*l**2 - 9*l + 4. Let r(k) = 3*f(k) + 4*i(k). Suppose 0 = u + 1 + 2. Let y(w) = -w. Let c be y(u). Give r(c).
-8
Let p(h) = -4*h - 28. Let d = 10 - 3. Let t(i) = -5*i + 3*i + 9 + 3*i. Let v(m) = d*t(m) + 2*p(m). What is v(7)?
0
Let h(i) = -i**2 + 5*i - 6. Let s(o) = -9*o - 1. Let a be s(4). Let g = a + 42. What is h(g)?
-6
Let z = -4 - -7. Let u(d) be the second derivative of 2*d**2 + 1/2*d**3 + 3*d + 0 + 1/6*d**4 - 1/20*d**5. Determine u(z).
4
Let p = 0 + 6. Let a(z) = 7*z**2 + 30*z + 20. Let m(k) = -6*k**2 - 23*k - 18. Let g(y) = 5*a(y) + 6*m(y). What is g(p)?
28
Let p(u) be the first derivative of 4*u**3/3 + u**2 - u - 30. Let n = 2 - 1. Calculate p(n).
5
Suppose 5*t - 9 = 6, -s - 2*t + 18 = 0. Let m = s - 10. Suppose -d - 4*d + 11 = m*u, 4*u + 8 = 0. Let p(o) = -o**2 + 5*o - 3. Give p(d).
3
Let u(i) = -8*i + 2*i**2 + 4*i**2 + 10*i - 5*i**2 + i - 14. Give u(-6).
4
Let d(v) = v**2 - v - 4. Let k(b) = b**2 - 2*b - 3. Let n(p) = -5*d(p) + 6*k(p). Let x be n(7). Let o(l) = x + 0 - 3*l + 4. Give o(4).
-6
Let d(i) = -12*i**3 - i. Suppose 0 = 4*u - 4*f + 10 + 2, 2*u + 10 = 3*f. Suppose -3*q + 4 - u = 0. Give d(q).
-13
Let v(w) be the second derivative of -2*w**2 + 0 - 2*w - 1/3*w**4 - 1/20*w**5 + 1/3*w**3. Suppose -2*a - 12 = -2. What is v(a)?
11
Let b be (-49)/(-28) + 91/(-52). Let w(j) be the second derivative of -9*j + b + 1/2*j**3 - 1/4*j**4 + 